inder when g(-3) is divided by 8?
6
Suppose 2*s = -5*b + 38 + 20, -b = -5*s + 145. Suppose -5*k + 3*q = q - 571, -440 = -4*k - 4*q. What is the remainder when k is divided by s?
26
Suppose -5*j - 5*x = -77 - 573, -2*j - x = -258. Calculate the remainder when j is divided by 13.
11
Suppose 0 = -5*c + 78 - 18. Suppose -4*s - 4 + 32 = -4*j, -j + 29 = 2*s. What is the remainder when 160/(-6)*s/(-10) is divided by c?
8
Let b(j) be the third derivative of -j**5/60 - 13*j**4/24 - j**3/2 - 2*j**2. What is the remainder when 24 is divided by b(-12)?
6
Let j(s) = -3*s**3 - 6*s**2 - 5*s - 8. Suppose x = -6 + 2. Calculate the remainder when j(x) is divided by 22.
20
Let o(w) = w**3 + 2*w**2 - 4*w + 5. What is the remainder when o(2) is divided by 1?
0
Let y be (-18)/81 - (776/(-9) + 1). Suppose -5*n + n = 3*m - 44, 5*n = 5*m - y. What is the remainder when 47 is divided by m?
15
Let h(g) = 2*g - 4. Let v = -5 - -7. Let u be h(v). Calculate the remainder when (164/8 - u)*2 is divided by 14.
13
Let z(f) = -f**3 + 7*f**2 + 7*f - 5. Let o = 1869 - 1850. What is the remainder when z(4) is divided by o?
14
What is the remainder when 1022 is divided by (-472)/(-40) + 3/(15/(-4))?
10
Suppose 2*d - 12 = -4*d. Suppose -d*s - 2*p = 20, s = -0*s - 5*p - 26. Calculate the remainder when (-256)/s + 8/24 is divided by 15.
13
Suppose 2*v + 0*f - 414 = f, 2*v - 5*f - 430 = 0. What is the remainder when v is divided by 8?
5
Let h(c) = 10 - 10*c**2 - c**3 - c**3 + c**3 - c + 2*c**2. Calculate the remainder when 51 is divided by h(-8).
15
Calculate the remainder when (-8 + (4 - -6))/((-8)/(-436)) is divided by 14.
11
Let t = 2322 - 2285. What is the remainder when 283 is divided by t?
24
Suppose 98 - 6 = 4*d. What is the remainder when 166 is divided by d?
5
Let f(z) = -z**3 + 4*z**2 - 2*z - 1. Let q = 2 - 0. Let i be f(q). Suppose i*n - 36 = -n. What is the remainder when 16 is divided by n?
7
Suppose -3*u = 2*x + 154, -3*u - 4*x - 69 = 89. What is the remainder when ((-6)/3)/(-2) - 0 - u is divided by 28?
23
Let l be (3 + -1 + (-22)/8)*-52. Suppose h = l + 84. Calculate the remainder when h is divided by 18.
15
Let q = -7 + 32. Let d = q - 25. Suppose 4*l - 4*b + 0*b = 36, -4*l - b + 31 = d. Calculate the remainder when 15 is divided by l.
7
Let g be (2/(-6))/((-4)/(-37 - -1)). What is the remainder when 1221/27 - 2/9 is divided by 0 + 0 + g - (-190)/10?
13
Let l = 54 + -50. Let b = l - -37. What is the remainder when b is divided by 14?
13
Let q be 33132/72 - 2/12. Let g be q/16 - 3/4. Let m = g - 9. What is the remainder when 36 is divided by m?
17
Suppose -4814 = -56*u + 2970. What is the remainder when u is divided by 21?
13
Let s = -12 + 39. Let d = 84 + -70. Suppose -15*m + d*m = -10. Calculate the remainder when s is divided by m.
7
Let g = -207 + 260. Calculate the remainder when g is divided by 39.
14
Suppose 25 = 5*s, 10 = 5*y + 2*s - 45. Suppose 0 = -2*z - 58 - 74. Let t = -31 - z. Calculate the remainder when t is divided by y.
8
Let a(l) = 2*l**2 - 152*l - 791. Calculate the remainder when 928 is divided by a(-5).
16
Suppose r - 7 = -4*y, 16*r + 3*y = 15*r + 8. What is the remainder when 33 is divided by r?
0
Let c(m) = 2*m**3 - 7*m**2 + 6*m - 7. What is the remainder when 78 is divided by c(4)?
12
Let b = 110 + -95. Suppose 0 = 4*s - 4*f - 208, -4*s + 0*f = f - 228. Calculate the remainder when s is divided by b.
11
Suppose -14*c - 8*c = -4862. What is the remainder when c is divided by 52?
13
Suppose -51 = 4*t - 99. Calculate the remainder when 23 is divided by t.
11
Let f(i) = 3*i + 3. Let b be 2/(1/(-1) - -3). Let c be f(b). Suppose c*k = 2*k + 5*o + 44, 3*o = -k + 11. Calculate the remainder when 30 is divided by k.
8
Let t = 2 - -27. What is the remainder when 285 is divided by t?
24
Let b be (-352)/56 - (-4)/14. Let z(w) = w**3 + 8*w**2 + 9*w + 10. Calculate the remainder when z(b) is divided by 8.
4
Let u = -93 - -128. Let t = u + -19. What is the remainder when t is divided by 9?
7
Calculate the remainder when 87 is divided by 20*2/8 + 1.
3
Let x = 330 - 252. Calculate the remainder when x is divided by 10.
8
Suppose 559 = 2*z - 4*k - 1065, k - 2450 = -3*z. What is the remainder when z is divided by 82?
78
Suppose -2*m - 4*i + 132 = -5*m, -3*i = 3*m + 153. Let y = -3 + 8. What is the remainder when (15/6)/((-10)/m) is divided by y?
2
Suppose 3*z - 200 = o, 5*z = 5*o - 96 + 426. Let m = 166 - z. Calculate the remainder when m is divided by 17.
14
Let l(u) = 4 + 0 + u**3 + 3 + 3 + u**2. Calculate the remainder when 39 is divided by l(0).
9
Let a = 13 - 9. Suppose -7 = j - a. What is the remainder when ((-30)/(-3))/(5 + j) is divided by 3?
2
Suppose 4*x + 2*g + 28 = 3*g, -22 = 3*x - g. What is the remainder when 103 is divided by ((-3)/x)/(2 - (-139)/(-70))?
33
Let z(s) = s**2 + 9*s + 21. Calculate the remainder when 1*3*1/1 is divided by z(-6).
0
Let x(w) = 2*w**2 + 6*w - 8. Let o(v) = v**3 - 20*v**2 + 37*v - 5. Calculate the remainder when x(-7) is divided by o(18).
9
Suppose 0 = 3*b - 7*b + 2*d + 298, -3*b - 2*d + 227 = 0. Let y = b + -42. What is the remainder when y is divided by 9?
6
Suppose -4*p = 4*l - 68, 2*l - 87*p = -86*p + 31. Suppose -5*b + 0*b - 95 = 0. Let a = b + 48. What is the remainder when a is divided by l?
13
Let k(t) = t - 6. Calculate the remainder when 64 is divided by k(17).
9
Let q = -50 - -45. Let m = q + 26. What is the remainder when m is divided by 2 + (-4)/((-4)/9)?
10
Let q(a) = -a**3 + 7*a**2 - 6*a + 4. Let p be q(6). Let n be 8*(13/p - 1). Calculate the remainder when ((-27)/n)/((-6)/148) is divided by 10.
7
Suppose -16*u = -12*u - 108. Suppose -201 = -5*j - 3*c, -3*c - 5 - 4 = 0. Suppose 4*s = s + j. What is the remainder when u is divided by s?
13
Suppose 2*s + 3 + 3 = -3*u, -3*u - s - 3 = 0. Let w(q) = -30*q + 223. Calculate the remainder when u + (1 - -24 - 1) is divided by w(7).
11
Let c be 10/(-4)*36/(-30). Suppose 0*a - 3*u - 63 = -2*a, -3*u - 102 = -c*a. Let q = a + -23. Calculate the remainder when 47 is divided by q.
15
Suppose 0 = 5*f + 4*c + 91 + 33, -4*f + c = 95. Let v = -19 - f. Suppose 2*a + 19 = 5*m, 2*a + 7 = -4*m + v*m. Calculate the remainder when 10 is divided by m.
1
Suppose 2*l = l. Suppose l*p = 9*p - 18. Suppose -4*i - p = -c - 0, 40 = 2*c + 4*i. Calculate the remainder when c is divided by 5.
4
Let h be (3 - -1) + -1 - 1. Suppose -50 = -4*r + h*r. What is the remainder when 99 is divided by r?
24
Let o(x) = -35*x + 4. What is the remainder when 439 is divided by o(-2)?
69
Let a = 15 - 9. Let x = -131 + 147. What is the remainder when x is divided by (-6 - -2)*a/(-4)?
4
Suppose -198 = -5*k + 4*v, 0*k + k - 42 = 2*v. What is the remainder when k is divided by (-4)/1*4/(-2)?
6
Let z(q) = -q**2 - 6*q. Let a be z(-4). Let y = a - -2. Calculate the remainder when 13 is divided by (8/y)/(3/15).
1
Let z(h) = 34*h + 355. Calculate the remainder when z(-7) is divided by 117.
0
Let k(v) = 2*v**2 - 3*v - 4. Let y = -6 + 5. Let i(r) = -14*r**3 - r**2 - r. What is the remainder when i(y) is divided by k(3)?
4
Let d = -7 + 24. Calculate the remainder when 101 is divided by d.
16
Let h = 32 - 42. What is the remainder when 47 is divided by -1 - -4 - 130/h?
15
Let q(u) = u**2 + 14*u + 16. Let f(w) = 7*w - 1. What is the remainder when f(4) is divided by q(-14)?
11
Suppose -2 = -v - 0. Suppose -v*m - 33 = -5*m. Suppose -q = 5*h - 1 - 0, 5*h = 3*q - 23. Calculate the remainder when m is divided by q.
5
Let r(w) = -w + 62. What is the remainder when 1231 is divided by r(51)?
10
Let n be (-1)/1 - (8 + -97). Let u be ((-1)/(-2))/(2/n). Suppose 3*m = a - 18, 2*a - 14 = 2*m + u. What is the remainder when a is divided by 7?
4
Suppose -2*n + 0*n - 5*y = -20, -5*y = -3*n + 5. Suppose -n = -3*i + 2*v, 0 = -4*i - v + 20 + 5. What is the remainder when i is divided by 4?
1
Let n = -39 - -242. Calculate the remainder when n is divided by 41.
39
Let m be (0 - -1)/((-10)/50). Let r = -7 - -8. Let u = r - m. What is the remainder when u is divided by 3?
0
Suppose -3*d - 38 = -3*n + 4, 3*n - 2*d - 42 = 0. What is the remainder when 20 is divided by n?
6
Let i be 2*3 + -3 + 0. Suppose -4*f = 12, -1 = -4*b + i*f + 56. Calculate the remainder when (-6)/8 - (-1910)/40 is divided by b.
11
Suppose 2*s = -5*d + 61, 0 = 4*s - 2*d 